{"id":1077,"date":"2010-10-14T17:48:58","date_gmt":"2010-10-14T15:48:58","guid":{"rendered":"https:\/\/ectp-ceu.eu\/?post_type=actor&#038;p=1077"},"modified":"2024-07-26T12:38:03","modified_gmt":"2024-07-26T10:38:03","slug":"fiu","status":"publish","type":"actor","link":"https:\/\/ectp-ceu.eu\/fr\/actor\/fiu\/","title":{"rendered":"FIU"},"content":{"rendered":"<h2 style=\"text-align: center;\">CONSTITUTION DE LA F\u00c9D\u00c9RATION IB\u00c9RIENNE-AM\u00c9RICAINE DES AM\u00c9NAGISTES URBAINS, (FIU), 14 octobre 2010<\/h2>\n<p>&nbsp;<\/p>\n<p>Depuis 25 ans, l'AETU, l'association espagnole des urbanistes, et l'AUP, l'association portugaise des urbanistes, organisent des conf\u00e9rences biennales entre urbanistes latino-am\u00e9ricains et ib\u00e9riques (hispano-portugais).<\/p>\n<p>Jusqu'\u00e0 pr\u00e9sent, il y a eu 14 conf\u00e9rences, \u00e0 S\u00e9ville en 1984, Tlaxcala en 1986, Barcelone en 1988, Santiago de Cuba en 1990, Valence en 1992, Montevideo en 1994, Pampelune en 1996, Porto en 1998, Recife en 2000, Saragosse en 2002, San Juan de Puerto Rico en 2004, Salamanque en 2006 et Monterrey en 2008. La derni\u00e8re a eu lieu en octobre dernier, du 13 au 15, \u00e0 Tenerife dans les \u00eeles Canaries (Espagne).<\/p>\n<p>La prochaine, la XVe conf\u00e9rence ib\u00e9ro-am\u00e9ricaine de planification, se tiendra en 2012 \u00e0 Medellin, en Colombie.<\/p>\n<p>C'est dans ce contexte que l'AETU et l'AUP ont lanc\u00e9 l'initiative de cr\u00e9er une f\u00e9d\u00e9ration d'associations d'urbanistes des diff\u00e9rents pays d'Am\u00e9rique latine et de la p\u00e9ninsule ib\u00e9rique (Espagne et Portugal) dans le but de relier les professionnels latino-am\u00e9ricains et europ\u00e9ens de l'urbanisme.<\/p>\n<p>En mars de cette ann\u00e9e, profitant de la forte participation des professionnels latino-am\u00e9ricains au 5e Forum urbain mondial (FUM5) organis\u00e9 par UN-HABITAT \u00e0 Rio de Janeiro, des urbanistes de 19 pays latino-am\u00e9ricains ainsi que de l'Espagne et du Portugal ont sign\u00e9 le \"Protocole de Rio de Janeiro\".<\/p>\n<p>Sur la base de ce document, le 14 octobre, avec le soutien des autorit\u00e9s locales, de l'AETU, de l'AUP et de l'ECTP-CEU, repr\u00e9sent\u00e9e par le pr\u00e9sident Joao Teixeira, a \u00e9t\u00e9 cr\u00e9\u00e9e \u00e0 Santa Cruz de Tenerife (\u00celes Canaries), dans le cadre du XIVe Congr\u00e8s ib\u00e9ro-am\u00e9ricain de planification, la nouvelle F\u00e9d\u00e9ration ib\u00e9ro-am\u00e9ricaine des urbanistes (FIU), qui regroupe des associations de professionnels de la ville et de l'am\u00e9nagement du territoire de 21 pays d'Am\u00e9rique latine et de la p\u00e9ninsule ib\u00e9rique.<\/p>\n<p>L'objectif de la F\u00e9d\u00e9ration est d'encourager les relations entre les urbanistes d'Am\u00e9rique latine et d'Europe sur les principes du droit \u00e0 la ville et \u00e0 un habitat d\u00e9cent, de la participation d\u00e9mocratique, de la durabilit\u00e9 et de la diversit\u00e9 culturelle, de la r\u00e9duction du foss\u00e9 urbain, de la r\u00e9duction de la pauvret\u00e9, de l'exclusion et de la s\u00e9gr\u00e9gation spatiale.<\/p>\n<p>Vous pouvez contacter la CRF \u00e0 l'adresse suivante\u00a0<span id=\"cloak4882deb93da8f4f4a2899b10b38b86ca\"><a href=\"mailto:fed.ib.urbanistas@gmail.com\">fed.ib.urbanistas@gmail.com<\/a><\/span>\u00a0.<\/p>","protected":false},"featured_media":0,"template":"","meta":{"_acf_changed":false,"inline_featured_image":false},"categories":[12],"class_list":["post-1077","actor","type-actor","status-publish","hentry","category-synergies"],"acf":[],"yoast_head":"<!-- This site is optimized with the Yoast SEO plugin v27.5 - https:\/\/yoast.com\/product\/yoast-seo-wordpress\/ -->\n<title>FIU - ECTP-CEU<\/title>\n<meta name=\"robots\" content=\"index, follow, max-snippet:-1, max-image-preview:large, max-video-preview:-1\" \/>\n<link rel=\"canonical\" href=\"https:\/\/ectp-ceu.eu\/fr\/actor\/fiu\/\" \/>\n<meta property=\"og:locale\" content=\"fr_FR\" \/>\n<meta property=\"og:type\" content=\"article\" \/>\n<meta property=\"og:title\" content=\"FIU - ECTP-CEU\" \/>\n<meta property=\"og:description\" content=\"CONSTITUTION OF THE IBERIAN-AMERICAN FEDERATION OF URBAN PLANNERS, (FIU), 14 October 2010 &nbsp; Since 25 years AETU, the Spanish Association of Planners, together with AUP, the Portuguese Association of Planners, has organized the biennial planning conferences between Latin American and Iberian, (Spanish-Portuguese) planners. So far there have been 14 conferences, in Seville 1984, Tlaxcala 1986, [&hellip;]\" \/>\n<meta property=\"og:url\" content=\"https:\/\/ectp-ceu.eu\/fr\/actor\/fiu\/\" \/>\n<meta property=\"og:site_name\" content=\"ECTP-CEU\" \/>\n<meta property=\"article:modified_time\" content=\"2024-07-26T10:38:03+00:00\" \/>\n<meta name=\"twitter:card\" content=\"summary_large_image\" \/>\n<meta name=\"twitter:label1\" content=\"Dur\u00e9e de lecture estim\u00e9e\" \/>\n\t<meta name=\"twitter:data1\" content=\"2 minutes\" \/>\n<script type=\"application\/ld+json\" class=\"yoast-schema-graph\">{\"@context\":\"https:\\\/\\\/schema.org\",\"@graph\":[{\"@type\":\"WebPage\",\"@id\":\"https:\\\/\\\/ectp-ceu.eu\\\/actor\\\/fiu\\\/\",\"url\":\"https:\\\/\\\/ectp-ceu.eu\\\/actor\\\/fiu\\\/\",\"name\":\"FIU - ECTP-CEU\",\"isPartOf\":{\"@id\":\"https:\\\/\\\/ectp-ceu.eu\\\/#website\"},\"datePublished\":\"2010-10-14T15:48:58+00:00\",\"dateModified\":\"2024-07-26T10:38:03+00:00\",\"breadcrumb\":{\"@id\":\"https:\\\/\\\/ectp-ceu.eu\\\/actor\\\/fiu\\\/#breadcrumb\"},\"inLanguage\":\"fr-FR\",\"potentialAction\":[{\"@type\":\"ReadAction\",\"target\":[\"https:\\\/\\\/ectp-ceu.eu\\\/actor\\\/fiu\\\/\"]}]},{\"@type\":\"BreadcrumbList\",\"@id\":\"https:\\\/\\\/ectp-ceu.eu\\\/actor\\\/fiu\\\/#breadcrumb\",\"itemListElement\":[{\"@type\":\"ListItem\",\"position\":1,\"name\":\"HOME\",\"item\":\"https:\\\/\\\/ectp-ceu.eu\\\/\"},{\"@type\":\"ListItem\",\"position\":2,\"name\":\"FIU\"}]},{\"@type\":\"WebSite\",\"@id\":\"https:\\\/\\\/ectp-ceu.eu\\\/#website\",\"url\":\"https:\\\/\\\/ectp-ceu.eu\\\/\",\"name\":\"ECTP-CEU\",\"description\":\"European Council of Spatial Planners \u2013 Conseil Europ\u00e9en des Urbanistes\",\"publisher\":{\"@id\":\"https:\\\/\\\/ectp-ceu.eu\\\/#organization\"},\"potentialAction\":[{\"@type\":\"SearchAction\",\"target\":{\"@type\":\"EntryPoint\",\"urlTemplate\":\"https:\\\/\\\/ectp-ceu.eu\\\/?s={search_term_string}\"},\"query-input\":{\"@type\":\"PropertyValueSpecification\",\"valueRequired\":true,\"valueName\":\"search_term_string\"}}],\"inLanguage\":\"fr-FR\"},{\"@type\":\"Organization\",\"@id\":\"https:\\\/\\\/ectp-ceu.eu\\\/#organization\",\"name\":\"ECTP-CEU\",\"url\":\"https:\\\/\\\/ectp-ceu.eu\\\/\",\"logo\":{\"@type\":\"ImageObject\",\"inLanguage\":\"fr-FR\",\"@id\":\"https:\\\/\\\/ectp-ceu.eu\\\/#\\\/schema\\\/logo\\\/image\\\/\",\"url\":\"https:\\\/\\\/ectp-ceu.eu\\\/wp-content\\\/uploads\\\/2024\\\/07\\\/cropped-1392117979K7cUN6za2Hw29SX4.jpeg\",\"contentUrl\":\"https:\\\/\\\/ectp-ceu.eu\\\/wp-content\\\/uploads\\\/2024\\\/07\\\/cropped-1392117979K7cUN6za2Hw29SX4.jpeg\",\"width\":928,\"height\":328,\"caption\":\"ECTP-CEU\"},\"image\":{\"@id\":\"https:\\\/\\\/ectp-ceu.eu\\\/#\\\/schema\\\/logo\\\/image\\\/\"}}]}<\/script>\n<!-- \/ Yoast SEO plugin. -->","yoast_head_json":{"title":"FIU - ECTP-CEU","robots":{"index":"index","follow":"follow","max-snippet":"max-snippet:-1","max-image-preview":"max-image-preview:large","max-video-preview":"max-video-preview:-1"},"canonical":"https:\/\/ectp-ceu.eu\/fr\/actor\/fiu\/","og_locale":"fr_FR","og_type":"article","og_title":"FIU - ECTP-CEU","og_description":"CONSTITUTION OF THE IBERIAN-AMERICAN FEDERATION OF URBAN PLANNERS, (FIU), 14 October 2010 &nbsp; Since 25 years AETU, the Spanish Association of Planners, together with AUP, the Portuguese Association of Planners, has organized the biennial planning conferences between Latin American and Iberian, (Spanish-Portuguese) planners. So far there have been 14 conferences, in Seville 1984, Tlaxcala 1986, [&hellip;]","og_url":"https:\/\/ectp-ceu.eu\/fr\/actor\/fiu\/","og_site_name":"ECTP-CEU","article_modified_time":"2024-07-26T10:38:03+00:00","twitter_card":"summary_large_image","twitter_misc":{"Dur\u00e9e de lecture estim\u00e9e":"2 minutes"},"schema":{"@context":"https:\/\/schema.org","@graph":[{"@type":"WebPage","@id":"https:\/\/ectp-ceu.eu\/actor\/fiu\/","url":"https:\/\/ectp-ceu.eu\/actor\/fiu\/","name":"FIU - ECTP-CEU","isPartOf":{"@id":"https:\/\/ectp-ceu.eu\/#website"},"datePublished":"2010-10-14T15:48:58+00:00","dateModified":"2024-07-26T10:38:03+00:00","breadcrumb":{"@id":"https:\/\/ectp-ceu.eu\/actor\/fiu\/#breadcrumb"},"inLanguage":"fr-FR","potentialAction":[{"@type":"ReadAction","target":["https:\/\/ectp-ceu.eu\/actor\/fiu\/"]}]},{"@type":"BreadcrumbList","@id":"https:\/\/ectp-ceu.eu\/actor\/fiu\/#breadcrumb","itemListElement":[{"@type":"ListItem","position":1,"name":"HOME","item":"https:\/\/ectp-ceu.eu\/"},{"@type":"ListItem","position":2,"name":"FIU"}]},{"@type":"WebSite","@id":"https:\/\/ectp-ceu.eu\/#website","url":"https:\/\/ectp-ceu.eu\/","name":"ECTP-CEU","description":"European Council of Spatial Planners \u2013 Conseil Europ\u00e9en des Urbanistes","publisher":{"@id":"https:\/\/ectp-ceu.eu\/#organization"},"potentialAction":[{"@type":"SearchAction","target":{"@type":"EntryPoint","urlTemplate":"https:\/\/ectp-ceu.eu\/?s={search_term_string}"},"query-input":{"@type":"PropertyValueSpecification","valueRequired":true,"valueName":"search_term_string"}}],"inLanguage":"fr-FR"},{"@type":"Organization","@id":"https:\/\/ectp-ceu.eu\/#organization","name":"ECTP-CEU","url":"https:\/\/ectp-ceu.eu\/","logo":{"@type":"ImageObject","inLanguage":"fr-FR","@id":"https:\/\/ectp-ceu.eu\/#\/schema\/logo\/image\/","url":"https:\/\/ectp-ceu.eu\/wp-content\/uploads\/2024\/07\/cropped-1392117979K7cUN6za2Hw29SX4.jpeg","contentUrl":"https:\/\/ectp-ceu.eu\/wp-content\/uploads\/2024\/07\/cropped-1392117979K7cUN6za2Hw29SX4.jpeg","width":928,"height":328,"caption":"ECTP-CEU"},"image":{"@id":"https:\/\/ectp-ceu.eu\/#\/schema\/logo\/image\/"}}]}},"_links":{"self":[{"href":"https:\/\/ectp-ceu.eu\/fr\/wp-json\/wp\/v2\/actor\/1077","targetHints":{"allow":["GET"]}}],"collection":[{"href":"https:\/\/ectp-ceu.eu\/fr\/wp-json\/wp\/v2\/actor"}],"about":[{"href":"https:\/\/ectp-ceu.eu\/fr\/wp-json\/wp\/v2\/types\/actor"}],"version-history":[{"count":2,"href":"https:\/\/ectp-ceu.eu\/fr\/wp-json\/wp\/v2\/actor\/1077\/revisions"}],"predecessor-version":[{"id":3843,"href":"https:\/\/ectp-ceu.eu\/fr\/wp-json\/wp\/v2\/actor\/1077\/revisions\/3843"}],"wp:attachment":[{"href":"https:\/\/ectp-ceu.eu\/fr\/wp-json\/wp\/v2\/media?parent=1077"}],"wp:term":[{"taxonomy":"category","embeddable":true,"href":"https:\/\/ectp-ceu.eu\/fr\/wp-json\/wp\/v2\/categories?post=1077"}],"curies":[{"name":"wp","href":"https:\/\/api.w.org\/{rel}","templated":true}]}}

<h2 style="text-align: center;">CONSTITUTION DE LA FÉDÉRATION IBÉRIENNE-AMÉRICAINE DES AMÉNAGISTES URBAINS, (FIU), 14 octobre 2010</h2>
<p>&nbsp;</p>
<p>Depuis 25 ans, l'AETU, l'association espagnole des urbanistes, et l'AUP, l'association portugaise des urbanistes, organisent des conférences biennales entre urbanistes latino-américains et ibériques (hispano-portugais).</p>
<p>Jusqu'à présent, il y a eu 14 conférences, à Séville en 1984, Tlaxcala en 1986, Barcelone en 1988, Santiago de Cuba en 1990, Valence en 1992, Montevideo en 1994, Pampelune en 1996, Porto en 1998, Recife en 2000, Saragosse en 2002, San Juan de Puerto Rico en 2004, Salamanque en 2006 et Monterrey en 2008. La dernière a eu lieu en octobre dernier, du 13 au 15, à Tenerife dans les îles Canaries (Espagne).</p>
<p>La prochaine, la XVe conférence ibéro-américaine de planification, se tiendra en 2012 à Medellin, en Colombie.</p>
<p>C'est dans ce contexte que l'AETU et l'AUP ont lancé l'initiative de créer une fédération d'associations d'urbanistes des différents pays d'Amérique latine et de la péninsule ibérique (Espagne et Portugal) dans le but de relier les professionnels latino-américains et européens de l'urbanisme.</p>
<p>En mars de cette année, profitant de la forte participation des professionnels latino-américains au 5e Forum urbain mondial (FUM5) organisé par UN-HABITAT à Rio de Janeiro, des urbanistes de 19 pays latino-américains ainsi que de l'Espagne et du Portugal ont signé le "Protocole de Rio de Janeiro".</p>
<p>Sur la base de ce document, le 14 octobre, avec le soutien des autorités locales, de l'AETU, de l'AUP et de l'ECTP-CEU, représentée par le président Joao Teixeira, a été créée à Santa Cruz de Tenerife (Îles Canaries), dans le cadre du XIVe Congrès ibéro-américain de planification, la nouvelle Fédération ibéro-américaine des urbanistes (FIU), qui regroupe des associations de professionnels de la ville et de l'aménagement du territoire de 21 pays d'Amérique latine et de la péninsule ibérique.</p>
<p>L'objectif de la Fédération est d'encourager les relations entre les urbanistes d'Amérique latine et d'Europe sur les principes du droit à la ville et à un habitat décent, de la participation démocratique, de la durabilité et de la diversité culturelle, de la réduction du fossé urbain, de la réduction de la pauvreté, de l'exclusion et de la ségrégation spatiale.</p>
<p>Vous pouvez contacter la CRF à l'adresse suivante <span id="cloak4882deb93da8f4f4a2899b10b38b86ca"><a href="mailto:fed.ib.urbanistas@gmail.com">fed.ib.urbanistas@gmail.com</a></span> .</p>

<!-- This site is optimized with the Yoast SEO plugin v27.5 - https://yoast.com/product/yoast-seo-wordpress/ -->
<title>FIU - ECTP-CEU</title>
<meta name="robots" content="index, follow, max-snippet:-1, max-image-preview:large, max-video-preview:-1" />
<link rel="canonical" href="https://ectp-ceu.eu/fr/actor/fiu/" />
<meta property="og:locale" content="fr_FR" />
<meta property="og:type" content="article" />
<meta property="og:title" content="FIU - ECTP-CEU" />
<meta property="og:description" content="CONSTITUTION OF THE IBERIAN-AMERICAN FEDERATION OF URBAN PLANNERS, (FIU), 14 October 2010 &nbsp; Since 25 years AETU, the Spanish Association of Planners, together with AUP, the Portuguese Association of Planners, has organized the biennial planning conferences between Latin American and Iberian, (Spanish-Portuguese) planners. So far there have been 14 conferences, in Seville 1984, Tlaxcala 1986, [&hellip;]" />
<meta property="og:url" content="https://ectp-ceu.eu/fr/actor/fiu/" />
<meta property="og:site_name" content="ECTP-CEU" />
<meta property="article:modified_time" content="2024-07-26T10:38:03+00:00" />
<meta name="twitter:card" content="summary_large_image" />
<meta name="twitter:label1" content="Durée de lecture estimée" />
	<meta name="twitter:data1" content="2 minutes" />
<script type="application/ld+json" class="yoast-schema-graph">{"@context":"https:\/\/schema.org","@graph":[{"@type":"WebPage","@id":"https:\/\/ectp-ceu.eu\/actor\/fiu\/","url":"https:\/\/ectp-ceu.eu\/actor\/fiu\/","name":"FIU - ECTP-CEU","isPartOf":{"@id":"https:\/\/ectp-ceu.eu\/#website"},"datePublished":"2010-10-14T15:48:58+00:00","dateModified":"2024-07-26T10:38:03+00:00","breadcrumb":{"@id":"https:\/\/ectp-ceu.eu\/actor\/fiu\/#breadcrumb"},"inLanguage":"fr-FR","potentialAction":[{"@type":"ReadAction","target":["https:\/\/ectp-ceu.eu\/actor\/fiu\/"]}]},{"@type":"BreadcrumbList","@id":"https:\/\/ectp-ceu.eu\/actor\/fiu\/#breadcrumb","itemListElement":[{"@type":"ListItem","position":1,"name":"HOME","item":"https:\/\/ectp-ceu.eu\/"},{"@type":"ListItem","position":2,"name":"FIU"}]},{"@type":"WebSite","@id":"https:\/\/ectp-ceu.eu\/#website","url":"https:\/\/ectp-ceu.eu\/","name":"ECTP-CEU","description":"European Council of Spatial Planners – Conseil Européen des Urbanistes","publisher":{"@id":"https:\/\/ectp-ceu.eu\/#organization"},"potentialAction":[{"@type":"SearchAction","target":{"@type":"EntryPoint","urlTemplate":"https:\/\/ectp-ceu.eu\/?s={search_term_string}"},"query-input":{"@type":"PropertyValueSpecification","valueRequired":true,"valueName":"search_term_string"}}],"inLanguage":"fr-FR"},{"@type":"Organization","@id":"https:\/\/ectp-ceu.eu\/#organization","name":"ECTP-CEU","url":"https:\/\/ectp-ceu.eu\/","logo":{"@type":"ImageObject","inLanguage":"fr-FR","@id":"https:\/\/ectp-ceu.eu\/#\/schema\/logo\/image\/","url":"https:\/\/ectp-ceu.eu\/wp-content\/uploads\/2024\/07\/cropped-1392117979K7cUN6za2Hw29SX4.jpeg","contentUrl":"https:\/\/ectp-ceu.eu\/wp-content\/uploads\/2024\/07\/cropped-1392117979K7cUN6za2Hw29SX4.jpeg","width":928,"height":328,"caption":"ECTP-CEU"},"image":{"@id":"https:\/\/ectp-ceu.eu\/#\/schema\/logo\/image\/"}}]}</script>
<!-- / Yoast SEO plugin. -->

European Council of Spatial Planners – Conseil Européen des Urbanistes
